{"id":1343,"date":"2022-05-19T19:38:57","date_gmt":"2022-05-19T19:38:57","guid":{"rendered":"https:\/\/www.tecnopiano.com\/a\/?page_id=1343"},"modified":"2022-06-06T18:35:42","modified_gmt":"2022-06-06T18:35:42","slug":"matricula","status":"publish","type":"page","link":"https:\/\/www.tecnopiano.com\/a\/matricula\/","title":{"rendered":"Matr\u00edcula anual vencida"},"content":{"rendered":"<h4 style=\"text-align: center;\"><strong>Si no puedes acceder a tu cuenta del Campus Virtual On-Line, puede que se encuentre <span style=\"text-decoration: underline;\">vencida tu matr\u00edcula anual<\/span><\/strong><\/h4>\n<p>Como toda instituci\u00f3n educativa, nuestros cursos incluyen una matr\u00edcula de 1 a\u00f1o de duraci\u00f3n cuando son adquiridos.<\/p>\n<\/p>\n<p><strong>Al comienzo del curso, al principio de la carpeta de estudios, tienes la indicaci\u00f3n de que el curso se regula bajo dichos t\u00e9rminos.<\/strong><\/p>\n<\/p>\n<p>Tambi\u00e9n, cuando completas el formulario de inscripci\u00f3n, se te pide que acuerdes con dichas condiciones.<\/p>\n<\/p>\n<p>En la siguiente imagen del formulario de inscripci\u00f3n puedes ver dicha opci\u00f3n:<\/p>\n<p><span><img decoding=\"async\" alt=\"Acuerdo de condiciones de estudio\" data-id=\"1345\" width=\"579\" data-init-width=\"642\" height=\"691\" data-init-height=\"766\" title=\"Acuerdo de condiciones de estudio\" loading=\"lazy\" src=\"https:\/\/www.tecnopiano.com\/a\/wp-content\/uploads\/2022\/05\/Acuerdo-de-condiciones-de-estudio.jpg\" data-width=\"579\" data-height=\"691\" style=\"\"><\/span><\/p>\n<p>Puedes verificar la condiciones de estudio en el siguiente enlace:<\/p>\n<p><a href=\"https:\/\/www.tecnopiano.com\/terminos\/\" target=\"_blank\" style=\"outline: none;\" rel=\"noopener\">https:\/\/www.tecnopiano.com\/terminos\/<\/a><\/p>\n<\/p>\n<p>Una vez cumplido un a\u00f1o desde el comienzo de tus estudios, si a\u00fan no has concluido el mismo, <strong>debes renovar la matr\u00edcula por un nuevo a\u00f1o para poder continuar.<\/strong><\/p>\n<\/p>\n<p style=\"color: rgb(0, 0, 0) !important; --tcb-applied-color:rgb(0, 0, 0)  !important;\"><strong>Completa el siguiente formulario para que podamos verificar el estado de tu matr\u00edcula y, en caso que se haya vencido, te hagamos llegar los costos de inversi\u00f3n para renovar la matr\u00edcula por un nuevo a\u00f1o:<\/strong><\/p>\n<p>Si tienes consultas o dudas, puedes escribirme a: <a href=\"mailto:landolfi@gmail.com\" target=\"_blank\" style=\"outline: none;\" rel=\"noopener\">landolfi@gmail.com<\/a><\/p>\n<p style=\"text-align: center;\"><span style=\"font-size: 16px;\">{tcb_current_year} Hugo J. Landolfi &#8211; Todos los derechos reservados. Estrictamente prohibida la reproducci\u00f3n.<\/span><\/p>\n","protected":false},"excerpt":{"rendered":"<p>Si no puedes acceder a tu cuenta del Campus Virtual On-Line, puede que se encuentre vencida tu matr\u00edcula anual Como toda instituci\u00f3n educativa, nuestros cursos incluyen una matr\u00edcula de 1 a\u00f1o de duraci\u00f3n cuando son adquiridos. Al comienzo del curso, al principio de la carpeta de estudios, tienes la indicaci\u00f3n de que el curso se &#8230; <a title=\"Matr\u00edcula anual vencida\" class=\"read-more\" href=\"https:\/\/www.tecnopiano.com\/a\/matricula\/\" aria-label=\"Leer m\u00e1s sobre Matr\u00edcula anual vencida\">Leer m\u00e1s<\/a><\/p>\n","protected":false},"author":1,"featured_media":0,"parent":0,"menu_order":0,"comment_status":"closed","ping_status":"closed","template":"","meta":{"footnotes":""},"tags":[],"class_list":["post-1343","page","type-page","status-publish"],"_links":{"self":[{"href":"https:\/\/www.tecnopiano.com\/a\/wp-json\/wp\/v2\/pages\/1343","targetHints":{"allow":["GET"]}}],"collection":[{"href":"https:\/\/www.tecnopiano.com\/a\/wp-json\/wp\/v2\/pages"}],"about":[{"href":"https:\/\/www.tecnopiano.com\/a\/wp-json\/wp\/v2\/types\/page"}],"author":[{"embeddable":true,"href":"https:\/\/www.tecnopiano.com\/a\/wp-json\/wp\/v2\/users\/1"}],"replies":[{"embeddable":true,"href":"https:\/\/www.tecnopiano.com\/a\/wp-json\/wp\/v2\/comments?post=1343"}],"version-history":[{"count":9,"href":"https:\/\/www.tecnopiano.com\/a\/wp-json\/wp\/v2\/pages\/1343\/revisions"}],"predecessor-version":[{"id":1358,"href":"https:\/\/www.tecnopiano.com\/a\/wp-json\/wp\/v2\/pages\/1343\/revisions\/1358"}],"wp:attachment":[{"href":"https:\/\/www.tecnopiano.com\/a\/wp-json\/wp\/v2\/media?parent=1343"}],"wp:term":[{"taxonomy":"post_tag","embeddable":true,"href":"https:\/\/www.tecnopiano.com\/a\/wp-json\/wp\/v2\/tags?post=1343"}],"curies":[{"name":"wp","href":"https:\/\/api.w.org\/{rel}","templated":true}]}}